{"id":124,"date":"2012-06-21T12:03:59","date_gmt":"2012-06-21T10:03:59","guid":{"rendered":"http:\/\/www.gubcompany.com\/content\/?page_id=124"},"modified":"2021-04-19T19:15:01","modified_gmt":"2021-04-19T17:15:01","slug":"leitung","status":"publish","type":"page","link":"http:\/\/www.gubcompany.com\/content\/?page_id=124","title":{"rendered":"Leitung"},"content":{"rendered":"<p><img decoding=\"async\" src=\"http:\/\/www.gubcompany.com\/content\/wp-content\/uploads\/2021\/04\/christine-klein.jpg\" \/><\/p>\n<p><strong>Christine Rinderknecht <\/strong>Autorin\/Co-Leitung Gubcompany. Studium der Germanistik, Romanistik und Literaturkritik in Z\u00fcrich, Paris, Berlin. Noch w\u00e4hrend sie sich auf ihre Lizentiatspr\u00fcfungen konzentrieren sollte, nimmt sie bei Spatz&amp;Co eine Regieassistenz an und kommt so in Kontakt mit dem Jugendtheater. Erste Texte entstehen, szenische Fragmente, Kurzgeschichten, Erz\u00e4hlungen. Textbearbeitungen und St\u00fccktexte. <a href=\"http:\/\/www.gubcompany.com\">www.gubcompany.com<\/a> u.a. \u00abPetit Bodiel\u00bb und \u00abGold\u00bb: interkulturelle Theaterprojekte mit Schauspielern, Musikern, T\u00e4nzerinnen aus Burkina Faso und der Schweiz, nach Texten des malischen Schriftstellers Amadou Hamp\u00e2t\u00e9 B\u00e2, Deutsch und Franz\u00f6sisch. \u00abDelete\u00bb. Monolog. Urauff\u00fchrung Stadttheater St. Gallen, Studiob\u00fchne, Regie: Christian Kuchenbuch \/ H\u00f6rspielfassung Radio DRS mit Judith Engel, Musik: Charlotte Hug, Regie: Charles Beno\u00eet. \u00abLivia 13\u00bb und \u00abDating Mr. Bad Guy\u00bb, beide im Theaterst\u00fcckverlag M\u00fcnchen. St\u00fccke von ihr wurden ins Russische und Ungarische \u00fcbersetzt.\u00a0 2018 hat sie ihr erstes Kinderst\u00fcck realisiert, das auf ihrer Kurzgeschichte von \u00abShubunkin-der Fisch im Mond\u00bb basiert. Sie schreibt Theaterst\u00fccke, Kurzgeschichten, Romane u.a.\u00a0\u00a0\u00a0\u00a0 <strong>2002 <em>EinL\u00f6ffel in der Luft<\/em><\/strong>, Roman, Pendo, <strong>2005 <em>Lilli<\/em><\/strong>, Roman, Pendo. <strong>Werkbeitr\u00e4ge und Preise: <\/strong>u.a. 2002 Ehrengabe des Kantons Z\u00fcrich, 2002 Berlin, Atelieraufenthalt des Kantons Z\u00fcrich, 2004 AdS Stipendium im Bodman Haus Gottlieben TG 2008 Einladung an die Cornell University, USA, Institute for German Cultural Studies, writer in residence\/ <a href=\"http:\/\/www.arts.cornell.edu\/IGCS\/Spring_08.pdf\">http:\/\/www.arts.cornell.edu\/IGCS\/Spring_08.pdf<\/a>\u00a0 2015 Werkbeitrag Kuratorium Aargau f\u00fcr das Buchprojekt: \u00abDer Japaner\u00bb<\/p>\n<p><img decoding=\"async\" class=\"details-image alignleft\" draggable=\"false\" src=\"http:\/\/www.gubcompany.com\/content\/wp-content\/uploads\/2019\/01\/HEINZ-4-e1548327175427.jpg\" alt=\"\" \/><strong><a href=\"http:\/\/www.gubcompany.com\/content\/wp-content\/uploads\/2012\/08\/heinz.jpg\"><img loading=\"lazy\" decoding=\"async\" class=\"size-thumbnail wp-image-728 alignleft\" title=\"heinz\" src=\"http:\/\/www.gubcompany.com\/content\/wp-content\/uploads\/2012\/08\/heinz-150x150.jpg\" alt=\"\" width=\"150\" height=\"150\" srcset=\"http:\/\/www.gubcompany.com\/content\/wp-content\/uploads\/2012\/08\/heinz-150x150.jpg 150w, http:\/\/www.gubcompany.com\/content\/wp-content\/uploads\/2012\/08\/heinz-298x300.jpg 298w, http:\/\/www.gubcompany.com\/content\/wp-content\/uploads\/2012\/08\/heinz.jpg 484w\" sizes=\"auto, (max-width: 150px) 100vw, 150px\" \/><\/a><\/strong><strong>Heinz Gubler: Regisseur, Filmer, Co-Leitung Gubcompany <\/strong>In seiner Ausbildung an der Chelsea Art School in London (performing arts) in den fr\u00fchen 1970 er Jahren hat Heinz Gubler einen japanischen N\u00f4-T\u00e4nzer als Lehrer, der ihn in die Grundlagen des N\u00f4- Theaters einf\u00fchrt. Eine aussergew\u00f6hnliche Erfahrung, die ihn tief pr\u00e4gt. Als Assistent von Edward Bond und als Mitleiter des Theatre upstairs sammelt er erste Theatererfahrungen. Bei Interaction, die mit ihrem Technikbus in \u00e4rmlichen Stadtteilen mit hoher Arbeitslosigkeit Videoanimation machen, lernt er die Arbeit mit Video kennen. Das Theater ist ihm jedoch nicht genug. An der Kunstgewerbeschule in Z\u00fcrich bildet er sich weiter. Licht, Farbe, Raum, sind ihm von Anfang ebenso wichtig wie das szenische Geschehen auf der B\u00fchne. Er trifft Peter Brook. Der leere Raum fasziniert ihn. Aus diesen unterschiedlichen Einfl\u00fcssen entwickelt Heinz Gubler seine eigene Arbeitsmethode, die sich besonders an die Erfahrung mit dem japanischen N\u00f4 T\u00e4nzer anlehnt, jedoch eine ganz eigene Auspr\u00e4gung annimmt. Die Arbeit mit Video geh\u00f6rt dazu, ebenso das Interesse am jungen Publikum.\u00a0 Er wird Ensemblemitglied von Claque Baden und Innerstadtb\u00fchne Aarau, Spatz&amp;Co (erster Kontakt mit dem Genre Jugendtheater), Regiearbeiten am Stadttheater Heidelberg und Schauspiel Frankfurt. Dozent an der Hochschule f\u00fcr Musik und Darstellende Kunst in Frankfurt. 2000- 2005 K\u00fcnstlerische Leitung forum:claque, sparten\u00fcbergreifender Kunstraum. Er realisiert verschiedenste Filmprojekte, Dokfilme \u00fcber Kunstprojekte u.a. 2008 \u00abMehr vom Leben\u00bb, Cornelia Huber, 2018 \u00abChurch of money\u00bb, Anna P\u00f6tter. Seit 2013 Leiter des Symposions Theater&amp;Bild&amp;Ton am internationalen Theaterfestival Luaga&amp;Losna in Feldkirch. 2014-2017 Jurymitglied Schweizer Theaterpreise. Seit 2015 Co-Leitung an der HSLU Luzern, Modul Kulturwerkstatt (Performances und interaktive Ausstellungen).<\/p>\n<p><a href=\"http:\/\/www.gubcompany.com\/content\/wp-content\/uploads\/2020\/02\/Roland-Amrein-1.png\"><img loading=\"lazy\" decoding=\"async\" class=\"size-full wp-image-2052 alignleft\" src=\"http:\/\/www.gubcompany.com\/content\/wp-content\/uploads\/2020\/02\/Roland-Amrein-1.png\" alt=\"\" width=\"146\" height=\"178\" \/><\/a><b>Roland Amrein<\/b> (Produktionsleiter\/Diffusion)*1980 in Sursee, Luzern. Arbeitete nach der Ausbildung zum Geb\u00e4udetechnikplaner Heizung EFZ mit Technischer Berufsmatur sechs Jahre als Soziokultureller Animator im Jugendkulturzentrum i45, Zug. Lehrgang Projektmanagement an der EB Z\u00fcrich. Certified Project Management Associate IPMA \u2013 Level D. Projektleiter bei Humbert Partner AG, Bern. 2012 Diplom HF TSM Medienmanagement, Medienwirtschaft (Visuelle Kommunikation) an der Schule f\u00fcr Gestaltung in Bern und Biel. Seit 2007 als Produktionsleiter, Tourmanager und B\u00fchneninspizient im freien Theater national und international (Leipzig, Paris, Berlin, Singapur u.a.) unterwegs. Zusammenarbeit mit (ein Auszug) Gubcompany, Z\u00fcrich \u2013 zuletzt \u00abShubunkin \u2013 der Fisch im MOnd\u00bb| Theater Club 111, Bern \u2013 zuletzt \u00abWEG\u00bb und \u00abREMAKE 68\u00bb| PENG! Palast, Bern \u2013 \u00abFIGHT! PALAST\u00bb u.a. | Jurczok 1001, Z\u00fcrich \u2013 \u00abSpoken Beats\u00bb | Bergtheater, Z\u00fcrich \u2013 \u00abEinsame Spitze\u00bb | Time for Change, ein partizipatives Projekt des Schlachthaus Theater Bern mit Dennis Schwabenland | \u00abRadio Lukullus\u00bb, Freilichtspiele Chur \u2013 FRECH | \u00abHortensia Unlimited\u00bb mit Corin Curschellas | \u00abKernschmelze\u00bb von Nucleus und seit Sommer 2019 Aufbau Verein <i>Institut f\u00fcr bewegende K\u00fcnste<\/i> und Produktion \u00abDas letzte Kind\u00bb mit Katharina Cromme, Z\u00fcrich.<\/p>\n","protected":false},"excerpt":{"rendered":"<p>Christine Rinderknecht Autorin\/Co-Leitung Gubcompany. Studium der Germanistik, Romanistik und Literaturkritik in Z\u00fcrich, Paris, Berlin. Noch w\u00e4hrend sie sich auf ihre Lizentiatspr\u00fcfungen konzentrieren sollte, nimmt sie bei Spatz&amp;Co eine Regieassistenz an und kommt so in Kontakt mit dem Jugendtheater. Erste Texte entstehen, szenische Fragmente, Kurzgeschichten, Erz\u00e4hlungen. Textbearbeitungen und St\u00fccktexte. www.gubcompany.com u.a. \u00abPetit Bodiel\u00bb und \u00abGold\u00bb: interkulturelle [&hellip;]<\/p>\n","protected":false},"author":1,"featured_media":0,"parent":9,"menu_order":0,"comment_status":"open","ping_status":"open","template":"","meta":{"footnotes":""},"class_list":["post-124","page","type-page","status-publish","hentry"],"_links":{"self":[{"href":"http:\/\/www.gubcompany.com\/content\/index.php?rest_route=\/wp\/v2\/pages\/124","targetHints":{"allow":["GET"]}}],"collection":[{"href":"http:\/\/www.gubcompany.com\/content\/index.php?rest_route=\/wp\/v2\/pages"}],"about":[{"href":"http:\/\/www.gubcompany.com\/content\/index.php?rest_route=\/wp\/v2\/types\/page"}],"author":[{"embeddable":true,"href":"http:\/\/www.gubcompany.com\/content\/index.php?rest_route=\/wp\/v2\/users\/1"}],"replies":[{"embeddable":true,"href":"http:\/\/www.gubcompany.com\/content\/index.php?rest_route=%2Fwp%2Fv2%2Fcomments&post=124"}],"version-history":[{"count":75,"href":"http:\/\/www.gubcompany.com\/content\/index.php?rest_route=\/wp\/v2\/pages\/124\/revisions"}],"predecessor-version":[{"id":2443,"href":"http:\/\/www.gubcompany.com\/content\/index.php?rest_route=\/wp\/v2\/pages\/124\/revisions\/2443"}],"up":[{"embeddable":true,"href":"http:\/\/www.gubcompany.com\/content\/index.php?rest_route=\/wp\/v2\/pages\/9"}],"wp:attachment":[{"href":"http:\/\/www.gubcompany.com\/content\/index.php?rest_route=%2Fwp%2Fv2%2Fmedia&parent=124"}],"curies":[{"name":"wp","href":"https:\/\/api.w.org\/{rel}","templated":true}]}}