{"id":132,"date":"2012-06-21T12:11:26","date_gmt":"2012-06-21T10:11:26","guid":{"rendered":"http:\/\/www.gubcompany.com\/content\/?page_id=132"},"modified":"2020-06-28T16:46:01","modified_gmt":"2020-06-28T14:46:01","slug":"milestones","status":"publish","type":"page","link":"http:\/\/www.gubcompany.com\/content\/?page_id=132","title":{"rendered":"Milestones"},"content":{"rendered":"<p><strong><span style=\"font-size: 14pt;\">Gubcompany ist eine Plattform f\u00fcr Erfindungen und Experimente im Bereich Theater und Performance f\u00fcr ein junges Publikum, die 2000 gegr\u00fcndet wurde.<\/span><\/strong><\/p>\n<p><span style=\"color: #ff6600; font-size: 14pt;\"><strong>Christine Rinderknecht (Autorin\/Co-Regisseurin) und Heinz Gubler (Regisseur und Filmer) sind der k\u00fcnstlerische Kern der Gruppe. In immer wieder neuen Kollaborationen entwickeln sie St\u00fccke, die von Erfahrungen in der heutigen Welt erz\u00e4hlen und zeigen Bilder, in denen neue Sehgewohnheiten erfahrbar werden. Gubcompany arbeitet mit digitalen und analogen Medien und stellt sich immer den Fragen nach der zeitgen\u00f6ssischen \u00c4sthetik f\u00fcr ein junges Publikum. Dazu geh\u00f6ren auch Live Musik oder die Arbeit mit bildenden K\u00fcnstlern.<\/strong><\/span><\/p>\n<p><span style=\"font-size: 12pt;\">Gubcompany m\u00f6chte mit seinen St\u00fccken den Dialog f\u00f6rdern zwischen den Generationen und Kulturen und \u00e4sthetische Erlebnisse sinnlich erfahrbar machen. Seit 2007 geh\u00f6rt Roland Amrein als Produktionsleiter zum Team. Zusammenarbeit mit u.a. Rahel Hubacher, Erich Hufschmid, Wiersma&amp;Smeets, Maria Rebekka Sautter, Marion Steiner, Gabi Mojzes, Olivia Stutz, Flavio Dalmolin, Manfred Jahnke, Mik Gruber, Stefania Bernet, Fabienne Lab\u00e8r, Jo Wyss, Marisa Sophia Rigas, Yonne Oesch, Samuel Eisenring, Mab\u00f4 Kouyat\u00e9, Oli Second, Alpcan \u00d6zcul, Esther Becker, Anna-Katharina M\u00fcller, Maria Spanring, Anna Katharina Bartel, Michel Hirsig, Leme, Veronika Sellier, Dani Kouyat\u00e9, Ingo Ospel, Ibrahima Traor\u00e9, Kuska Caceres.Von den mit Gubcompany entstandenen Jugendst\u00fccken sind Livia_13 und Dating Mr. Bad Guy im Angebot vom Theaterst\u00fcckverlag M\u00fcnchen.\u00dcbersetzung von Livia_13 ins Russische. Erstauff\u00fchrung\u00a0 18.9. 2016, Neue B\u00fchne des Alexandrinskj Theaters, St. Petersburg, Regie: Mikahail Patlasov.Stressfaktor_15, \u00dcbersetzung auf Ungarisch und Rum\u00e4nisch. Erstauff\u00fchrung 23.9.2016, Tompka Miklos Tarsulat Theater, Targu Mures, Rum\u00e4nien, Regie: Csilla Csaki Einladung Gubcompany mit \u00ab Shubunkin \u2013 der Fisch im Mond \u00bb ans Pop Arts Festival Amsterdam, April 2018 Einladung Gubcompany ans Contemporary Drama Festival in Rostov on Don, Februar 2019, Livia_13 Premiere auf Russisch am Theater 18+.<\/span><\/p>\n<p><b><\/b><strong><br \/>\n<\/strong><\/p>\n","protected":false},"excerpt":{"rendered":"<p>Gubcompany ist eine Plattform f\u00fcr Erfindungen und Experimente im Bereich Theater und Performance f\u00fcr ein junges Publikum, die 2000 gegr\u00fcndet wurde. Christine Rinderknecht (Autorin\/Co-Regisseurin) und Heinz Gubler (Regisseur und Filmer) sind der k\u00fcnstlerische Kern der Gruppe. In immer wieder neuen Kollaborationen entwickeln sie St\u00fccke, die von Erfahrungen in der heutigen Welt erz\u00e4hlen und zeigen Bilder, [&hellip;]<\/p>\n","protected":false},"author":1,"featured_media":0,"parent":9,"menu_order":0,"comment_status":"open","ping_status":"open","template":"","meta":{"footnotes":""},"class_list":["post-132","page","type-page","status-publish","hentry"],"_links":{"self":[{"href":"http:\/\/www.gubcompany.com\/content\/index.php?rest_route=\/wp\/v2\/pages\/132","targetHints":{"allow":["GET"]}}],"collection":[{"href":"http:\/\/www.gubcompany.com\/content\/index.php?rest_route=\/wp\/v2\/pages"}],"about":[{"href":"http:\/\/www.gubcompany.com\/content\/index.php?rest_route=\/wp\/v2\/types\/page"}],"author":[{"embeddable":true,"href":"http:\/\/www.gubcompany.com\/content\/index.php?rest_route=\/wp\/v2\/users\/1"}],"replies":[{"embeddable":true,"href":"http:\/\/www.gubcompany.com\/content\/index.php?rest_route=%2Fwp%2Fv2%2Fcomments&post=132"}],"version-history":[{"count":17,"href":"http:\/\/www.gubcompany.com\/content\/index.php?rest_route=\/wp\/v2\/pages\/132\/revisions"}],"predecessor-version":[{"id":2203,"href":"http:\/\/www.gubcompany.com\/content\/index.php?rest_route=\/wp\/v2\/pages\/132\/revisions\/2203"}],"up":[{"embeddable":true,"href":"http:\/\/www.gubcompany.com\/content\/index.php?rest_route=\/wp\/v2\/pages\/9"}],"wp:attachment":[{"href":"http:\/\/www.gubcompany.com\/content\/index.php?rest_route=%2Fwp%2Fv2%2Fmedia&parent=132"}],"curies":[{"name":"wp","href":"https:\/\/api.w.org\/{rel}","templated":true}]}}